{"id":404,"date":"2023-09-14T10:14:43","date_gmt":"2023-09-14T10:14:43","guid":{"rendered":"https:\/\/storycare.de\/?page_id=404"},"modified":"2026-04-19T08:46:00","modified_gmt":"2026-04-19T08:46:00","slug":"fortbildung","status":"publish","type":"page","link":"https:\/\/storycare.de\/?page_id=404","title":{"rendered":"FORTBILDUNG\u00a0"},"content":{"rendered":"\n<p>Im Jahr 2024 begann ich, meine Erfahrungen und mein Wissen in einem \u201eMasterclass-Intensiv-Wochenende Palligrafie\u201c weiterzugeben, gefolgt von einer praktischen Phase, die durch Online-Termine begleitet wurde. Inzwischen habe ich 75 Menschen aus Deutschland und der Schweiz ausgebildet. Im Mai 2026 werde ich zum ersten Mal in Irland, meiner \u201ezweiten Heimat\u201c, unterrichten. Diese Schulungen richten sich an geschlossene Gruppen verschiedener Hospizorganisationen.<\/p>\n\n\n\n<div class=\"wp-block-columns is-layout-flex wp-container-core-columns-is-layout-9d6595d7 wp-block-columns-is-layout-flex\">\n<div class=\"wp-block-column is-layout-flow wp-block-column-is-layout-flow\">\n<p>Seit Fr\u00fchjahr 2026 befinde ich mich in der Anfangsphase der Umstellung meiner Live-Masterclass auf ein digitales Format, damit Menschen aus aller Welt Palligrafie erlernen k\u00f6nnen. Selbstverst\u00e4ndlich wird dieser Kurs auch \u201clive\u201d Zoom Calls und Einzelgespr\u00e4che umfassen. Alle kursbezogenen Neuigkeiten werden auf dieser Website ver\u00f6ffentlicht.<br><br>Neben der Vermittlung des gesamten Palligrafie-Prozesses kann ich au\u00dferdem f\u00fcr Vortr\u00e4ge, Lesungen und ma\u00dfgeschneiderte Seminare gebucht werden.<\/p>\n<\/div>\n\n\n\n<div class=\"wp-block-column is-layout-flow wp-block-column-is-layout-flow\">\n<figure class=\"wp-block-image size-large\"><img loading=\"lazy\" decoding=\"async\" width=\"973\" height=\"1024\" src=\"https:\/\/storycare.de\/wp-content\/uploads\/2026\/04\/MC2-973x1024.jpeg\" alt=\"\" class=\"wp-image-734\" srcset=\"https:\/\/storycare.de\/wp-content\/uploads\/2026\/04\/MC2-973x1024.jpeg 973w, https:\/\/storycare.de\/wp-content\/uploads\/2026\/04\/MC2-285x300.jpeg 285w, https:\/\/storycare.de\/wp-content\/uploads\/2026\/04\/MC2-768x808.jpeg 768w, https:\/\/storycare.de\/wp-content\/uploads\/2026\/04\/MC2-1460x1536.jpeg 1460w, https:\/\/storycare.de\/wp-content\/uploads\/2026\/04\/MC2-1947x2048.jpeg 1947w\" sizes=\"auto, (max-width: 767px) 89vw, (max-width: 1000px) 54vw, (max-width: 1071px) 543px, 580px\" \/><\/figure>\n<\/div>\n<\/div>\n\n\n\n<p><strong>Mein Signature-Workshop f\u00fcr Hospizvereine<\/strong><\/p>\n\n\n\n<p>Ich biete f\u00fcr Hospizvereine ein Halbtages-Seminar an (6 Stunden inkl. Mittagspause), in dem ich \u00fcber die Auswirkungen der Lebensgeschichte auf das Lebensende spreche. Ich erz\u00e4hle \u00fcber meine Arbeit, bringe echte Beispiele und eine praktische \u00dcbung mit. Anders als in der gro\u00dfen&nbsp;Palligrafie-Fortbildung&nbsp;geht es an dieser Stelle aber weniger darum, dass die Teilnehmenden das \u201ekomplette Programm\u201c selbst erlernen, sondern darum, dass sie daraus Impulse und Inspirationen f\u00fcr Ihre eigenen Begleitungen mitnehmen:&nbsp;<\/p>\n\n\n\n<p>Wie komme ich mit meinen Begleitungen behutsam ins Gespr\u00e4ch \u00fcber Ihr Leben? Wie kann ich einen Lebensr\u00fcckblick strukturieren, welche Fragen eignen sich daf\u00fcr besonders gut? Wie spreche ich schwierige Themen an bzw. gehe ich damit um? Was verschafft Menschen Erleichterung? Wie kann ich einen Austausch \u00fcber das Leben nutzen, um auch \u00fcber das Sterben ins Gespr\u00e4ch zu kommen?<\/p>\n\n\n\n<p>Ein wesentliches Augenmerk lege ich dabei auf die M\u00f6glichkeit, die Erkenntnisse aus der eigenen Lebensgeschichte f\u00fcr die bewusste Gestaltung des Abschieds zu nutzen.&nbsp;<\/p>\n\n\n\n<figure class=\"wp-block-image size-large\"><img loading=\"lazy\" decoding=\"async\" width=\"1024\" height=\"1000\" src=\"https:\/\/storycare.de\/wp-content\/uploads\/2026\/04\/Bild-1-1024x1000.jpg\" alt=\"\" class=\"wp-image-735\" srcset=\"https:\/\/storycare.de\/wp-content\/uploads\/2026\/04\/Bild-1-1024x1000.jpg 1024w, https:\/\/storycare.de\/wp-content\/uploads\/2026\/04\/Bild-1-300x293.jpg 300w, https:\/\/storycare.de\/wp-content\/uploads\/2026\/04\/Bild-1-768x750.jpg 768w, https:\/\/storycare.de\/wp-content\/uploads\/2026\/04\/Bild-1.jpg 1126w\" sizes=\"auto, (max-width: 767px) 89vw, (max-width: 1000px) 54vw, (max-width: 1071px) 543px, 580px\" \/><\/figure>\n\n\n\n<p><a href=\"mailto:sabrina@storycare.de\">sabrina@storycare.de<\/a><\/p>\n","protected":false},"excerpt":{"rendered":"<p>Im Jahr 2024 begann ich, meine Erfahrungen und mein Wissen in einem \u201eMasterclass-Intensiv-Wochenende Palligrafie\u201c weiterzugeben, gefolgt von einer praktischen Phase, die durch Online-Termine begleitet wurde. Inzwischen habe ich 75 Menschen aus Deutschland und der Schweiz ausgebildet. Im Mai 2026 werde ich zum ersten Mal in Irland, meiner \u201ezweiten Heimat\u201c, unterrichten. Diese Schulungen richten sich an &hellip; <\/p>\n<p class=\"link-more\"><a href=\"https:\/\/storycare.de\/?page_id=404\" class=\"more-link\"><span class=\"screen-reader-text\">\u201eFORTBILDUNG\u00a0\u201c <\/span>weiterlesen<\/a><\/p>\n","protected":false},"author":1,"featured_media":0,"parent":0,"menu_order":0,"comment_status":"closed","ping_status":"closed","template":"","meta":{"footnotes":""},"class_list":["post-404","page","type-page","status-publish","hentry"],"_links":{"self":[{"href":"https:\/\/storycare.de\/index.php?rest_route=\/wp\/v2\/pages\/404","targetHints":{"allow":["GET"]}}],"collection":[{"href":"https:\/\/storycare.de\/index.php?rest_route=\/wp\/v2\/pages"}],"about":[{"href":"https:\/\/storycare.de\/index.php?rest_route=\/wp\/v2\/types\/page"}],"author":[{"embeddable":true,"href":"https:\/\/storycare.de\/index.php?rest_route=\/wp\/v2\/users\/1"}],"replies":[{"embeddable":true,"href":"https:\/\/storycare.de\/index.php?rest_route=%2Fwp%2Fv2%2Fcomments&post=404"}],"version-history":[{"count":62,"href":"https:\/\/storycare.de\/index.php?rest_route=\/wp\/v2\/pages\/404\/revisions"}],"predecessor-version":[{"id":736,"href":"https:\/\/storycare.de\/index.php?rest_route=\/wp\/v2\/pages\/404\/revisions\/736"}],"wp:attachment":[{"href":"https:\/\/storycare.de\/index.php?rest_route=%2Fwp%2Fv2%2Fmedia&parent=404"}],"curies":[{"name":"wp","href":"https:\/\/api.w.org\/{rel}","templated":true}]}}

<p>Im Jahr 2024 begann ich, meine Erfahrungen und mein Wissen in einem „Masterclass-Intensiv-Wochenende Palligrafie“ weiterzugeben, gefolgt von einer praktischen Phase, die durch Online-Termine begleitet wurde. Inzwischen habe ich 75 Menschen aus Deutschland und der Schweiz ausgebildet. Im Mai 2026 werde ich zum ersten Mal in Irland, meiner „zweiten Heimat“, unterrichten. Diese Schulungen richten sich an geschlossene Gruppen verschiedener Hospizorganisationen.</p>



<div class="wp-block-columns is-layout-flex wp-container-core-columns-is-layout-9d6595d7 wp-block-columns-is-layout-flex">
<div class="wp-block-column is-layout-flow wp-block-column-is-layout-flow">
<p>Seit Frühjahr 2026 befinde ich mich in der Anfangsphase der Umstellung meiner Live-Masterclass auf ein digitales Format, damit Menschen aus aller Welt Palligrafie erlernen können. Selbstverständlich wird dieser Kurs auch “live” Zoom Calls und Einzelgespräche umfassen. Alle kursbezogenen Neuigkeiten werden auf dieser Website veröffentlicht.<br><br>Neben der Vermittlung des gesamten Palligrafie-Prozesses kann ich außerdem für Vorträge, Lesungen und maßgeschneiderte Seminare gebucht werden.</p>
</div>



<div class="wp-block-column is-layout-flow wp-block-column-is-layout-flow">
<figure class="wp-block-image size-large"><img loading="lazy" decoding="async" width="973" height="1024" src="https://storycare.de/wp-content/uploads/2026/04/MC2-973x1024.jpeg" alt="" class="wp-image-734" srcset="https://storycare.de/wp-content/uploads/2026/04/MC2-973x1024.jpeg 973w, https://storycare.de/wp-content/uploads/2026/04/MC2-285x300.jpeg 285w, https://storycare.de/wp-content/uploads/2026/04/MC2-768x808.jpeg 768w, https://storycare.de/wp-content/uploads/2026/04/MC2-1460x1536.jpeg 1460w, https://storycare.de/wp-content/uploads/2026/04/MC2-1947x2048.jpeg 1947w" sizes="auto, (max-width: 767px) 89vw, (max-width: 1000px) 54vw, (max-width: 1071px) 543px, 580px" /></figure>
</div>
</div>



<p><strong>Mein Signature-Workshop für Hospizvereine</strong></p>



<p>Ich biete für Hospizvereine ein Halbtages-Seminar an (6 Stunden inkl. Mittagspause), in dem ich über die Auswirkungen der Lebensgeschichte auf das Lebensende spreche. Ich erzähle über meine Arbeit, bringe echte Beispiele und eine praktische Übung mit. Anders als in der großen&nbsp;Palligrafie-Fortbildung&nbsp;geht es an dieser Stelle aber weniger darum, dass die Teilnehmenden das „komplette Programm“ selbst erlernen, sondern darum, dass sie daraus Impulse und Inspirationen für Ihre eigenen Begleitungen mitnehmen:&nbsp;</p>



<p>Wie komme ich mit meinen Begleitungen behutsam ins Gespräch über Ihr Leben? Wie kann ich einen Lebensrückblick strukturieren, welche Fragen eignen sich dafür besonders gut? Wie spreche ich schwierige Themen an bzw. gehe ich damit um? Was verschafft Menschen Erleichterung? Wie kann ich einen Austausch über das Leben nutzen, um auch über das Sterben ins Gespräch zu kommen?</p>



<p>Ein wesentliches Augenmerk lege ich dabei auf die Möglichkeit, die Erkenntnisse aus der eigenen Lebensgeschichte für die bewusste Gestaltung des Abschieds zu nutzen.&nbsp;</p>



<figure class="wp-block-image size-large"><img loading="lazy" decoding="async" width="1024" height="1000" src="https://storycare.de/wp-content/uploads/2026/04/Bild-1-1024x1000.jpg" alt="" class="wp-image-735" srcset="https://storycare.de/wp-content/uploads/2026/04/Bild-1-1024x1000.jpg 1024w, https://storycare.de/wp-content/uploads/2026/04/Bild-1-300x293.jpg 300w, https://storycare.de/wp-content/uploads/2026/04/Bild-1-768x750.jpg 768w, https://storycare.de/wp-content/uploads/2026/04/Bild-1.jpg 1126w" sizes="auto, (max-width: 767px) 89vw, (max-width: 1000px) 54vw, (max-width: 1071px) 543px, 580px" /></figure>



<p><a href="mailto:sabrina@storycare.de">sabrina@storycare.de</a></p>
