{"id":106,"date":"2020-03-21T16:01:15","date_gmt":"2020-03-21T16:01:15","guid":{"rendered":"http:\/\/sabrinagoerlitz.de\/?page_id=106"},"modified":"2026-04-21T15:53:31","modified_gmt":"2026-04-21T15:53:31","slug":"angebot","status":"publish","type":"page","link":"https:\/\/storycare.de\/?page_id=106","title":{"rendered":"PALLIGRAFIE"},"content":{"rendered":"\n<div class=\"wp-block-columns is-layout-flex wp-container-core-columns-is-layout-9d6595d7 wp-block-columns-is-layout-flex\">\n<div class=\"wp-block-column is-layout-flow wp-block-column-is-layout-flow\">\n<p>Nachdem ich mehrere Jahre als freie Autorin und Ghostwriterin Menschen bei Textprojekten aller Art unterst\u00fctzt habe, hat sich seit Ende 2018 der Schwerpunkt meiner Arbeit fast ausschlie\u00dflich in den Palliativbereich verlagert. Menschen am Lebensende finden dort in mir ein geschultes und aufmerksames Gegen\u00fcber, das ihnen hilft, dem roten Faden in ihrem bunten Leben nachzusp\u00fcren und daraus ein pers\u00f6nliches Booklet zu erstellen, das den unvergleichlichen Kern ihres Wesens widerspiegelt \u2013 eine Palligrafie.<\/p>\n<\/div>\n\n\n\n<div class=\"wp-block-column is-layout-flow wp-block-column-is-layout-flow\">\n<figure class=\"wp-block-image size-large\"><img loading=\"lazy\" decoding=\"async\" width=\"1005\" height=\"1024\" src=\"https:\/\/storycare.de\/wp-content\/uploads\/2026\/04\/Sabrina_Joseph_Murphy-1005x1024.jpg\" alt=\"\" class=\"wp-image-738\" srcset=\"https:\/\/storycare.de\/wp-content\/uploads\/2026\/04\/Sabrina_Joseph_Murphy-1005x1024.jpg 1005w, https:\/\/storycare.de\/wp-content\/uploads\/2026\/04\/Sabrina_Joseph_Murphy-295x300.jpg 295w, https:\/\/storycare.de\/wp-content\/uploads\/2026\/04\/Sabrina_Joseph_Murphy-768x782.jpg 768w, https:\/\/storycare.de\/wp-content\/uploads\/2026\/04\/Sabrina_Joseph_Murphy-1508x1536.jpg 1508w, https:\/\/storycare.de\/wp-content\/uploads\/2026\/04\/Sabrina_Joseph_Murphy-2010x2048.jpg 2010w\" sizes=\"auto, (max-width: 767px) 89vw, (max-width: 1000px) 54vw, (max-width: 1071px) 543px, 580px\" \/><\/figure>\n<\/div>\n<\/div>\n\n\n\n<p><strong>Was ist Palligrafie?<\/strong><\/p>\n\n\n\n<p>Palligrafie ist ein Wortspiel aus den Begriffen \u201epalliativ\u201c und \u201eBiografie\u201c, angelehnt an die Kalligrafie, die Kunst des sch\u00f6nen Schreibens. Auf den Begriff bin ich 2024 gekommen, nachdem ich jahrelang \u201eoffiziell\u201c mit der W\u00fcrdezentrierten Therapie unterwegs war, aber zunehmend merkte, dass das, was ich in der Praxis tue, l\u00e4ngst zu etwas anderem geworden ist: Ich habe basierend auf meinen Erfahrungen mit Palliativpatient*innen, meinem Gesp\u00fcr f\u00fcr Geschichten und&nbsp;&nbsp;den Erkenntnissen aus der Erz\u00e4hlforschung eine neue Methode entwickelt, die es schafft, binnen einer sechzig \u2013 neunzigmin\u00fctigen Sitzung die Essenz eines ganzen Lebens abzubilden. In der Palligrafie werden die wichtigsten Stationen und pr\u00e4gendsten Erinnerungen eines Menschen identifiziert, neben dem wertsch\u00e4tzenden R\u00fcckblick auf das gelebte Leben kommen aber auch ganz bewusst Gedanken \u00fcber den Tod und die Zeit danach zum Ausdruck.&nbsp;<\/p>\n\n\n\n<p>Wenn ich den Menschen ihre eigene Geschichte, die Essenz ihres Lebens, vorgelesen habe, sagen sie im Anschluss fast immer: \u201eDas haben Sie aber sch\u00f6n geschrieben.\u201c Dann darf ich sie korrigieren: \u201eIch habe es nur aufgeschrieben \u2013 erz\u00e4hlt haben Sie! Das sind<em>&nbsp;Ihre<\/em>&nbsp;Worte.\u201c<br>Meine Aufgabe \u00e4hnelt somit der einer Hebamme:&nbsp; Ich helfe beim Sch\u00f6pfen der Worte und unterst\u00fctze durch meine Art des Fragens und Zuh\u00f6rens dabei, dass auch am Ende des Lebens noch einmal etwas auf die Welt kommen und bleiben darf: ein geistiges Verm\u00e4chtnis, erz\u00e4hlt in den eigenen Worten.<br><br>Immer wieder beobachten wir im Team, wie es Menschen, die ihr Leben nun buchst\u00e4blich in den H\u00e4nden halten, sicher festgehalten und auch f\u00fcr ihren Tod nicht zu erreichen, etwas leichter f\u00e4llt, sich in den Sterbeprozess zu begeben.<br>Das, was lange Zeit so und unglaublich und bedrohlich schien, darf nun geschehen. Auch, weil den Menschen nicht nur bewusstwird, dass ihr Leben wirklich zu Ende geht, sondern auch, dass es einen Unterschied im Leben anderer gemacht hat, und dass sie Spuren hinterlassen werden.&nbsp;<\/p>\n\n\n\n<p>Die Palligrafie hat es vielen Menschen erm\u00f6glicht, ihren Lebenskreis friedlich zu schlie\u00dfen. F\u00fcr die teilnehmenden Patienten hat sich die Einladung, nicht nur die \u201esch\u00f6nen Seiten\u201c ihrer Lebensgeschichte zu teilen, sondern auch die schwierigen, herausfordernden und traurigen Momente im Leben und im Sterben, und dies vor jemandem zu tun, der ihnen mit sanfter Neugier und aufmerksamer F\u00fcrsorge begegnet, als \u00e4u\u00dferst hilfreich erwiesen.<\/p>\n\n\n\n<p>Es ist eine Sache, \u00fcber all das zu sprechen, was im Leben gut gelaufen ist, aber es erfordert Mut, Vertrauen, Achtsamkeit und Offenheit auf beiden Seiten, um die harten Wahrheiten des Lebens am Sterbebett anzusprechen und auszudr\u00fccken. Wahrheiten, die so viele Menschen im Alltag noch immer sprachlos machen.<\/p>\n\n\n\n<p>Bei der Palligrafie geht es daher auch darum, Worte f\u00fcr das scheinbar Unaussprechliche zu finden. Sie kann dazu beitragen, ein gr\u00f6\u00dferes Bewusstsein f\u00fcr die pers\u00f6nliche Abschiedssituation zu schaffen, aber jede Palligrafie ist auch ein kleiner, aber sehr wertvoller Beitrag zu einem offeneren Umgang mit Sterben und Tod in unserer Gesellschaft. Ich bin all meinen Interviewpartnern der letzten Jahre so dankbar, dass sie mir ihre Geschichten angesichts des Todes erz\u00e4hlt haben. Damit haben sie nicht nur ihren Angeh\u00f6rigen eine wertvolle Erinnerung hinterlassen, sondern auch mir ein gro\u00dfes Geschenk gemacht, da ich von jedem Einzelnen lernen und wachsen durfte. Je pers\u00f6nlicher eine menschliche Geschichte ist \u2013 desto universeller ist sie zugleich.<\/p>\n\n\n\n<figure class=\"wp-block-image size-large\"><img loading=\"lazy\" decoding=\"async\" width=\"1024\" height=\"814\" src=\"https:\/\/storycare.de\/wp-content\/uploads\/2026\/04\/Foto_Palligrafien-1024x814.jpeg\" alt=\"\" class=\"wp-image-741\" srcset=\"https:\/\/storycare.de\/wp-content\/uploads\/2026\/04\/Foto_Palligrafien-1024x814.jpeg 1024w, https:\/\/storycare.de\/wp-content\/uploads\/2026\/04\/Foto_Palligrafien-300x239.jpeg 300w, https:\/\/storycare.de\/wp-content\/uploads\/2026\/04\/Foto_Palligrafien-768x611.jpeg 768w, https:\/\/storycare.de\/wp-content\/uploads\/2026\/04\/Foto_Palligrafien-1536x1221.jpeg 1536w, https:\/\/storycare.de\/wp-content\/uploads\/2026\/04\/Foto_Palligrafien-2048x1629.jpeg 2048w\" sizes=\"auto, (max-width: 767px) 89vw, (max-width: 1000px) 54vw, (max-width: 1071px) 543px, 580px\" \/><\/figure>\n","protected":false},"excerpt":{"rendered":"<p>Nachdem ich mehrere Jahre als freie Autorin und Ghostwriterin Menschen bei Textprojekten aller Art unterst\u00fctzt habe, hat sich seit Ende 2018 der Schwerpunkt meiner Arbeit fast ausschlie\u00dflich in den Palliativbereich verlagert. Menschen am Lebensende finden dort in mir ein geschultes und aufmerksames Gegen\u00fcber, das ihnen hilft, dem roten Faden in ihrem bunten Leben nachzusp\u00fcren und &hellip; <\/p>\n<p class=\"link-more\"><a href=\"https:\/\/storycare.de\/?page_id=106\" class=\"more-link\"><span class=\"screen-reader-text\">\u201ePALLIGRAFIE\u201c <\/span>weiterlesen<\/a><\/p>\n","protected":false},"author":1,"featured_media":0,"parent":0,"menu_order":0,"comment_status":"closed","ping_status":"closed","template":"","meta":{"footnotes":""},"class_list":["post-106","page","type-page","status-publish","hentry"],"_links":{"self":[{"href":"https:\/\/storycare.de\/index.php?rest_route=\/wp\/v2\/pages\/106","targetHints":{"allow":["GET"]}}],"collection":[{"href":"https:\/\/storycare.de\/index.php?rest_route=\/wp\/v2\/pages"}],"about":[{"href":"https:\/\/storycare.de\/index.php?rest_route=\/wp\/v2\/types\/page"}],"author":[{"embeddable":true,"href":"https:\/\/storycare.de\/index.php?rest_route=\/wp\/v2\/users\/1"}],"replies":[{"embeddable":true,"href":"https:\/\/storycare.de\/index.php?rest_route=%2Fwp%2Fv2%2Fcomments&post=106"}],"version-history":[{"count":48,"href":"https:\/\/storycare.de\/index.php?rest_route=\/wp\/v2\/pages\/106\/revisions"}],"predecessor-version":[{"id":768,"href":"https:\/\/storycare.de\/index.php?rest_route=\/wp\/v2\/pages\/106\/revisions\/768"}],"wp:attachment":[{"href":"https:\/\/storycare.de\/index.php?rest_route=%2Fwp%2Fv2%2Fmedia&parent=106"}],"curies":[{"name":"wp","href":"https:\/\/api.w.org\/{rel}","templated":true}]}}

<div class="wp-block-columns is-layout-flex wp-container-core-columns-is-layout-9d6595d7 wp-block-columns-is-layout-flex">
<div class="wp-block-column is-layout-flow wp-block-column-is-layout-flow">
<p>Nachdem ich mehrere Jahre als freie Autorin und Ghostwriterin Menschen bei Textprojekten aller Art unterstützt habe, hat sich seit Ende 2018 der Schwerpunkt meiner Arbeit fast ausschließlich in den Palliativbereich verlagert. Menschen am Lebensende finden dort in mir ein geschultes und aufmerksames Gegenüber, das ihnen hilft, dem roten Faden in ihrem bunten Leben nachzuspüren und daraus ein persönliches Booklet zu erstellen, das den unvergleichlichen Kern ihres Wesens widerspiegelt – eine Palligrafie.</p>
</div>



<div class="wp-block-column is-layout-flow wp-block-column-is-layout-flow">
<figure class="wp-block-image size-large"><img loading="lazy" decoding="async" width="1005" height="1024" src="https://storycare.de/wp-content/uploads/2026/04/Sabrina_Joseph_Murphy-1005x1024.jpg" alt="" class="wp-image-738" srcset="https://storycare.de/wp-content/uploads/2026/04/Sabrina_Joseph_Murphy-1005x1024.jpg 1005w, https://storycare.de/wp-content/uploads/2026/04/Sabrina_Joseph_Murphy-295x300.jpg 295w, https://storycare.de/wp-content/uploads/2026/04/Sabrina_Joseph_Murphy-768x782.jpg 768w, https://storycare.de/wp-content/uploads/2026/04/Sabrina_Joseph_Murphy-1508x1536.jpg 1508w, https://storycare.de/wp-content/uploads/2026/04/Sabrina_Joseph_Murphy-2010x2048.jpg 2010w" sizes="auto, (max-width: 767px) 89vw, (max-width: 1000px) 54vw, (max-width: 1071px) 543px, 580px" /></figure>
</div>
</div>



<p><strong>Was ist Palligrafie?</strong></p>



<p>Palligrafie ist ein Wortspiel aus den Begriffen „palliativ“ und „Biografie“, angelehnt an die Kalligrafie, die Kunst des schönen Schreibens. Auf den Begriff bin ich 2024 gekommen, nachdem ich jahrelang „offiziell“ mit der Würdezentrierten Therapie unterwegs war, aber zunehmend merkte, dass das, was ich in der Praxis tue, längst zu etwas anderem geworden ist: Ich habe basierend auf meinen Erfahrungen mit Palliativpatient*innen, meinem Gespür für Geschichten und&nbsp;&nbsp;den Erkenntnissen aus der Erzählforschung eine neue Methode entwickelt, die es schafft, binnen einer sechzig – neunzigminütigen Sitzung die Essenz eines ganzen Lebens abzubilden. In der Palligrafie werden die wichtigsten Stationen und prägendsten Erinnerungen eines Menschen identifiziert, neben dem wertschätzenden Rückblick auf das gelebte Leben kommen aber auch ganz bewusst Gedanken über den Tod und die Zeit danach zum Ausdruck.&nbsp;</p>



<p>Wenn ich den Menschen ihre eigene Geschichte, die Essenz ihres Lebens, vorgelesen habe, sagen sie im Anschluss fast immer: „Das haben Sie aber schön geschrieben.“ Dann darf ich sie korrigieren: „Ich habe es nur aufgeschrieben – erzählt haben Sie! Das sind<em>&nbsp;Ihre</em>&nbsp;Worte.“<br>Meine Aufgabe ähnelt somit der einer Hebamme:&nbsp; Ich helfe beim Schöpfen der Worte und unterstütze durch meine Art des Fragens und Zuhörens dabei, dass auch am Ende des Lebens noch einmal etwas auf die Welt kommen und bleiben darf: ein geistiges Vermächtnis, erzählt in den eigenen Worten.<br><br>Immer wieder beobachten wir im Team, wie es Menschen, die ihr Leben nun buchstäblich in den Händen halten, sicher festgehalten und auch für ihren Tod nicht zu erreichen, etwas leichter fällt, sich in den Sterbeprozess zu begeben.<br>Das, was lange Zeit so und unglaublich und bedrohlich schien, darf nun geschehen. Auch, weil den Menschen nicht nur bewusstwird, dass ihr Leben wirklich zu Ende geht, sondern auch, dass es einen Unterschied im Leben anderer gemacht hat, und dass sie Spuren hinterlassen werden.&nbsp;</p>



<p>Die Palligrafie hat es vielen Menschen ermöglicht, ihren Lebenskreis friedlich zu schließen. Für die teilnehmenden Patienten hat sich die Einladung, nicht nur die „schönen Seiten“ ihrer Lebensgeschichte zu teilen, sondern auch die schwierigen, herausfordernden und traurigen Momente im Leben und im Sterben, und dies vor jemandem zu tun, der ihnen mit sanfter Neugier und aufmerksamer Fürsorge begegnet, als äußerst hilfreich erwiesen.</p>



<p>Es ist eine Sache, über all das zu sprechen, was im Leben gut gelaufen ist, aber es erfordert Mut, Vertrauen, Achtsamkeit und Offenheit auf beiden Seiten, um die harten Wahrheiten des Lebens am Sterbebett anzusprechen und auszudrücken. Wahrheiten, die so viele Menschen im Alltag noch immer sprachlos machen.</p>



<p>Bei der Palligrafie geht es daher auch darum, Worte für das scheinbar Unaussprechliche zu finden. Sie kann dazu beitragen, ein größeres Bewusstsein für die persönliche Abschiedssituation zu schaffen, aber jede Palligrafie ist auch ein kleiner, aber sehr wertvoller Beitrag zu einem offeneren Umgang mit Sterben und Tod in unserer Gesellschaft. Ich bin all meinen Interviewpartnern der letzten Jahre so dankbar, dass sie mir ihre Geschichten angesichts des Todes erzählt haben. Damit haben sie nicht nur ihren Angehörigen eine wertvolle Erinnerung hinterlassen, sondern auch mir ein großes Geschenk gemacht, da ich von jedem Einzelnen lernen und wachsen durfte. Je persönlicher eine menschliche Geschichte ist – desto universeller ist sie zugleich.</p>



<figure class="wp-block-image size-large"><img loading="lazy" decoding="async" width="1024" height="814" src="https://storycare.de/wp-content/uploads/2026/04/Foto_Palligrafien-1024x814.jpeg" alt="" class="wp-image-741" srcset="https://storycare.de/wp-content/uploads/2026/04/Foto_Palligrafien-1024x814.jpeg 1024w, https://storycare.de/wp-content/uploads/2026/04/Foto_Palligrafien-300x239.jpeg 300w, https://storycare.de/wp-content/uploads/2026/04/Foto_Palligrafien-768x611.jpeg 768w, https://storycare.de/wp-content/uploads/2026/04/Foto_Palligrafien-1536x1221.jpeg 1536w, https://storycare.de/wp-content/uploads/2026/04/Foto_Palligrafien-2048x1629.jpeg 2048w" sizes="auto, (max-width: 767px) 89vw, (max-width: 1000px) 54vw, (max-width: 1071px) 543px, 580px" /></figure>

<p>Nachdem ich mehrere Jahre als freie Autorin und Ghostwriterin Menschen bei Textprojekten aller Art unterstützt habe, hat sich seit Ende 2018 der Schwerpunkt meiner Arbeit fast ausschließlich in den Palliativbereich verlagert. Menschen am Lebensende finden dort in mir ein geschultes und aufmerksames Gegenüber, das ihnen hilft, dem roten Faden in ihrem bunten Leben nachzuspüren und &hellip; </p>
<p class="link-more"><a href="https://storycare.de/?page_id=106" class="more-link"><span class="screen-reader-text">„PALLIGRAFIE“ </span>weiterlesen</a></p>
